dred thousands digit of 116512567?
5
What is the hundreds digit of 30727853?
8
What is the tens digit of 782525517?
1
What is the hundred millions digit of 174264090?
1
What is the thousands digit of 124737?
4
What is the millions digit of 2461739054?
1
What is the millions digit of 308981079?
8
What is the hundred millions digit of 404027732?
4
What is the hundreds digit of 39646285?
2
What is the hundred millions digit of 3251701445?
2
What is the units digit of 47125274?
4
What is the ten thousands digit of 647743659?
4
What is the ten millions digit of 446906846?
4
What is the hundreds digit of 150232126?
1
What is the ten thousands digit of 147349808?
4
What is the millions digit of 1891980811?
1
What is the millions digit of 4277428266?
7
What is the ten thousands digit of 302719851?
1
What is the billions digit of 6528342725?
6
What is the millions digit of 426510063?
6
What is the thousands digit of 88434590?
4
What is the ten thousands digit of 443901097?
0
What is the millions digit of 522714750?
2
What is the thousands digit of 356422142?
2
What is the units digit of 11322566?
6
What is the hundreds digit of 68602142?
1
What is the thousands digit of 1129650489?
0
What is the millions digit of 615249246?
5
What is the millions digit of 83099641?
3
What is the tens digit of 247795819?
1
What is the millions digit of 71093323?
1
What is the millions digit of 4494659326?
4
What is the tens digit of 404915504?
0
What is the hundreds digit of 601793240?
2
What is the ten thousands digit of 2569338492?
3
What is the ten thousands digit of 884162029?
6
What is the thousands digit of 142448854?
8
What is the thousands digit of 477962293?
2
What is the thousands digit of 173487666?
7
What is the ten thousands digit of 36766677?
6
What is the thousands digit of 7922242745?
2
What is the millions digit of 2225053650?
5
What is the hundred millions digit of 1396346990?
3
What is the ten millions digit of 1366141023?
6
What is the ten thousands digit of 4671533410?
3
What is the hundred millions digit of 2604987928?
6
What is the units digit of 78699308?
8
What is the ten millions digit of 38544236?
3
What is the millions digit of 76361896?
6
What is the thousands digit of 53486561?
6
What is the hundred millions digit of 152599018?
1
What is the hundred millions digit of 138274011?
1
What is the ten thousands digit of 104453336?
5
What is the thousands digit of 8466008?
6
What is the hundred thousands digit of 221733740?
7
What is the hundreds digit of 65740945?
9
What is the tens digit of 443387466?
6
What is the thousands digit of 796154307?
4
What is the hundred millions digit of 115910985?
1
What is the millions digit of 19895734?
9
What is the ten millions digit of 53108518?
5
What is the ten millions digit of 2029937903?
2
What is the ten millions digit of 4057759258?
5
What is the ten millions digit of 7533722411?
3
What is the ten thousands digit of 4934511?
3
What is the ten thousands digit of 34238360?
3
What is the thousands digit of 14681351?
1
What is the units digit of 623595313?
3
What is the ten millions digit of 225408472?
2
What is the hundred millions digit of 104198443?
1
What is the tens digit of 69331053?
5
What is the hundred millions digit of 1424892913?
4
What is the hundreds digit of 40375657?
6
What is the hundreds digit of 3687122993?
9
What is the thousands digit of 3714569444?
9
What is the units digit of 209367122?
2
What is the ten millions digit of 4473981388?
7
What is the tens digit of 34344290?
9
What is the thousands digit of 2529254040?
4
What is the ten millions digit of 1466283935?
6
What is the tens digit of 559383809?
0
What is the ten millions digit of 331733441?
3
What is the units digit of 80509189?
9
What is the hundred millions digit of 3531115482?
5
What is the ten thousands digit of 51454477?
5
What is the units digit of 104912154?
4
What is the ten millions digit of 241420619?
4
What is the tens digit of 6824415925?
2
What is the ten millions digit of 6691516609?
9
What is the tens digit of 84539686?
8
What is the hundred thousands digit of 11338519?
3
What is the hundred thousands digit of 3335455384?
4
What is the thousands digit of 108635249?
5
What is the units digit of 117478173?
3
What is the millions digit of 199123075?
9
What is the hundreds digit of 46809380?
3
What is the millions digit of 20143137?
0
What is the hundred thousands digit of 390548162?
5
What is the millions digit of 73883001?
3
What is the hundred millions digit of 232029426?
2
What is the ten millions digit of 50228899?
5
What is the tens digit of 2472117703?
0
What is the hundred millions digit of 140582321?
1
What is the hundred thousands digit of 1908283477?
2
What is the millions digit of 39274645?
9
What is the units digit of 2263110280?
0
What is the billions digit of 4224130889?
4
What is the hundred millions digit of 461784803?
4
What is the hundred thousands digit of 3126325070?
3
What is the tens digit of 29577585?
8
What is the hundreds digit of 9963201?
2
What is the billions digit of 1516774024?
1
What is the ten millions digit of 173496926?
7
What is the ten millions digit of 1089663593?
8
What is the tens digit of 53079896?
9
What is the ten thousands digit of 1519966?
1
What is the millions digit of 1306119837?
6
What is the hundred thousands digit of 203157318?
1
What is the units digit of 375241?
1
What is the ten thousands digit of 77331197?
3
What is the thousands digit of 132521777?
1
What is the ten millions digit of 193026414?
9
What is the tens digit of 49129283?
8
What is the hundred thousands digit of 566913640?
9
What is the tens digit of 1462665433?
3
What is the thousands digit of 16926370?
6
What is the hundred thousands digit of 1411940461?
9
What is the thousands digit of 186929963?
9
What is the tens digit of 4179837898?
9
What is the hundred millions digit of 1194282192?
1
What is the thousands digit of 41180022?
0
What is the tens digit of 21943421?
2
What is the hundreds digit of 1375415157?
1
What is the units digit of 50889940?
0
What is the units digit of 1667052781?
1
What is the ten millions digit of 5341256807?
4
What is the ten thousands digit of 238543283?
4
What is the millions digit of 171541401?
1
What is the millions digit of 313318254?
3
What is the units digit of 9574476?
6
What is the hundred millions digit of 3321702891?
3
What is the millions digit of 970254264?
0
What is the hundred thousands digit of 82837551?
8
What is the thousands digit of 376242419?
2
What is the ten millions digit of 442867731?
4
What is the hundred thousands digit of 212745977?
7
What is the hundred millions digit of 124282660?
1
What is the hundreds digit of 628370136?
1
What is the hundred millions digit of 1369592146?
3
What is the hundred millions digit of 170716850?
1
What is the millions digit of 117162331?
7
What is the hundreds digit of 67291794?
7
What is the millions digit of 1649307795?
9
What is the hundred thousands digit of 1237173005?
1
What is the ten millions digit of 898470376?
9
What is the thousands digit of 80280666?
0
What is the hundreds digit of 53750914?
9
What is the ten millions digit of 220571644?
2
What is the tens digit of 136368088?
8
What is the tens digit of 4342663610?
1
What is the ten millions digit of 29924291?
2
What is the tens digit of 37035765?
6
What is the hundred thousands digit of 21943780?
9
What is the ten millions digit of 306771132?
0
What is the millions digit of 148258173?
8
What is the units digit of 8561099?
9
What is the ten thousands digit of 36032839?
3
What is the tens digit of 33339108?
0
What is the hundred thousands digit of 1448235240?
2
What is the hundreds digit of 63418438?
4
What is the ten millions digit of 544807655?
4
What is the hundred millions digit of 4794206613?
7
What is the hundred thousands digit of 306646089?
6
What is the units digit of 470614659?
9
What is the billions digit of 9330544872?
9
What is the units digit of 912952385?
5
What is the ten millions digit of 207312903?
0
What is the thousands digit of 2434753684?
3
What is the millions digit of 706507028?
6
What is the ten millions digit of 106339487?
0
What is the ten thousands digit of 490000372?
0
What is the ten thousands digit of 210688826?
8
What i